s divided by 17.
11
Let v = 136 - 111. What is the remainder when v is divided by 11?
3
Suppose -4*d = 5 + 3, 4 = -4*o - 4*d. Calculate the remainder when 33 is divided by 11 + (o - -1)*-1.
6
Suppose -7*z - 25 = -2*z, 30 = 4*c - 2*z. Suppose -73 - 87 = -c*g. Calculate the remainder when 158 is divided by g.
30
Suppose 5*t = 2*v - 7*v - 25, -v = 5*t + 5. Suppose t*w = w - 22. Calculate the remainder when w is divided by 7.
1
Let u(j) be the third derivative of -7*j**4/24 - 3*j**3/2 + 11*j**2. Calculate the remainder when u(-10) is divided by 22.
17
Let n be 12*(-16 + 3) + 0. What is the remainder when (-8712)/n + (-4)/(-26) is divided by 12?
8
Suppose -3*a + 5*n + 65 = 0, a - 17*n - 19 = -16*n. Calculate the remainder when 59 is divided by a.
14
Let j = -123 - -125. Suppose -2*o = 2*s - 74, j*s + 157 = -3*o + 8*o. Calculate the remainder when o is divided by 6.
3
Suppose -3*x + 0*x - 180 = 0. Let z = x + 143. What is the remainder when z is divided by 28?
27
Suppose m - 39 = -2*y + 6*m, -3*m = -5*y + 88. Suppose 0 = -5*r + 13 + y. What is the remainder when 23 is divided by r?
5
Suppose 6*l = -0*l + 312. Calculate the remainder when l is divided by 11.
8
Let v(b) = -b**3 + 12*b**2 - 15*b + 19. What is the remainder when 193 is divided by v(10)?
55
Let v = -9 + 12. Let s be -22*3*v/18. Let y(m) = -3*m + 4. What is the remainder when y(s) is divided by 10?
7
Let p(d) = -97*d + 593. What is the remainder when 604 is divided by p(6)?
10
Suppose -t - 5*i + 4 = 0, -6*i - 11 = -t - 4*i. Suppose -4*o = -0*o + 16. What is the remainder when t is divided by (4/(-3))/(o/18)?
3
Let q be (3 - 2) + -1 - -3. Suppose -2*u = q*u - 150. Suppose 2*g - u = 2*s, 4*g + 4*s - 55 = -11. Calculate the remainder when 38 is divided by g.
12
Let o(d) = d**3 + 5*d**2 - 17*d - 17. Let g be o(-7). Suppose 0 = -5*k - g*v + 135, k - 51 = -0*v + 4*v. Calculate the remainder when 183 is divided by k.
28
Let l(q) = q**3 + 9*q**2 - 3*q - 15. Let g be l(-10). Let j = 118 + g. What is the remainder when 162 is divided by j?
30
Let p = 1 + -2. What is the remainder when 31 + 4/(1 - p) is divided by 7?
5
Let v(w) = w**2 + 17*w + 112. What is the remainder when 274 is divided by v(-11)?
44
Let j = 879 + -823. Calculate the remainder when 390 is divided by j.
54
What is the remainder when (3/(9/(-1338)))/(-2) is divided by 40?
23
Let r(i) = -i**3 + 13*i**2 - 12*i - 9. What is the remainder when r(11) is divided by (-1 + 18)/(2 + -1)?
16
Let s = 144 - -203. What is the remainder when s is divided by 35?
32
Let v(k) = 24*k + 248. What is the remainder when 413 is divided by v(-9)?
29
What is the remainder when 154 is divided by 4*(-92)/64*(-3 - 1)?
16
Let m = -12 - -43. Let n = 33 - m. What is the remainder when 3 is divided by n?
1
Suppose -76 = -f - 8*g + 9*g, -3*f + 225 = -2*g. Let i = -9 + f. Calculate the remainder when i is divided by 24.
16
Suppose 5*x + 2 = -w, -w = -6*w + 2*x + 17. What is the remainder when 34 is divided by w?
1
Suppose -17*u = -18*u + 32. Let v = u + -15. What is the remainder when 46 is divided by v?
12
Let f(l) = -6*l + 0*l - 16*l. Suppose -82 = -5*j + 3*w, 0 = -3*j - 4*w - 0*w + 55. Calculate the remainder when f(-3) is divided by j.
15
Let t(h) = 35*h**2 + 512*h + 9. Calculate the remainder when 207 is divided by t(-15).
3
Let z(v) = v**2 - 3*v - 3. What is the remainder when (-1 + 2)*(31 - 20) is divided by z(5)?
4
Suppose 0 = -3*j - 2*x - 73, 2*j = -0*x - 3*x - 57. Let m be (1 + j/15)*-70. Let v = m + 1. What is the remainder when v is divided by 16?
13
Suppose 366 = 2*i + i. Let p = -113 + i. What is the remainder when 44 is divided by p?
8
Let v be ((-6)/4)/((126/(-120))/7). Let k = v + 0. Calculate the remainder when 12 is divided by k.
2
Suppose 657*a - 650*a = 2044. Calculate the remainder when a is divided by 74.
70
Suppose 132 = -3*k - k. Suppose -2*q + 5*v - 10 = -42, -2*q - v = -44. What is the remainder when q is divided by 1/2 + k/(-6)?
3
Let u(x) = -x**3 - 4*x**2 - x - 1. Let z be 3/(-5) + 39/65. Suppose z = r - 2. Calculate the remainder when u(-4) is divided by r.
1
Suppose 3*q = -3*z + 84, -2*q = 3*q + 4*z - 139. Calculate the remainder when 29 is divided by q.
2
Let c be 10 - 1*(-2)/2. Let k = c - 3. Suppose 12*v = 11*v + 37. Calculate the remainder when v is divided by k.
5
Let g be (-40)/50 + (-98)/(-10). Let w = g + 5. Suppose 0 = -9*t + 10*t - 25. What is the remainder when t is divided by w?
11
Suppose 4*z + 2*i = 5*z - 81, -460 = -5*z - i. Calculate the remainder when z is divided by 51.
40
Let p(v) = -6*v + 320. What is the remainder when p(28) is divided by 5?
2
Let w = 18 - 16. Suppose 3*t - 4*a - 35 = 0, -4*t + w*a + 25 = -15. Calculate the remainder when t is divided by 3.
0
Let h = -30 + 33. Suppose 4*t + d = -2*d + 51, -4*t = -4*d - 72. Calculate the remainder when (-2)/((-5)/210*h) is divided by t.
13
Let g be ((-3)/(-3) - -2)*-1. Let o(r) = -r**3 + 3*r - 4. Let p be o(g). Calculate the remainder when 38 is divided by 186/p + 4/(-14).
12
Let j = -843 - -853. Calculate the remainder when -1 - (0 - 0 - 19) is divided by j.
8
Let j(p) = p**2 + 3. Let b be j(0). Suppose 2*g = r - 94, -2*g = -b*r + 2*g + 272. Calculate the remainder when r is divided by 29.
26
Let l be 6/4 + (-6)/(-4). Suppose -l*v = -5*x - 53, 74 = 3*v + 2*x + 7. Calculate the remainder when v is divided by 8.
5
Let i = 15 + 284. Suppose -w + i = 5*v, -2*v - w + 3*w + 110 = 0. Calculate the remainder when v is divided by 0 - -13 - (5 - 7).
14
Let o(m) = -5*m + 217. What is the remainder when o(-11) is divided by 13?
12
Let b(s) = -10*s - 5*s - 4 - 14 - s**2. Suppose -4*v + 2*o + 2*o = 48, 3*v = -3*o - 42. Calculate the remainder when 31 is divided by b(v).
7
Suppose -1363*k = -1354*k - 90. Let z(v) = 9*v**2 + v - 1. Calculate the remainder when z(-2) is divided by k.
3
Let n be (-3)/(-1) + (-9)/1. What is the remainder when 3 - -3*(-152)/n is divided by 16?
15
Suppose -25*f + 154 = -24*f. Suppose -f = -10*o - 4*o. What is the remainder when 41 is divided by o?
8
Let w = -41 - -98. Suppose 8*y - 3*y = -40. Let c = y + 23. What is the remainder when w is divided by c?
12
Let o = 103 - -51. What is the remainder when o is divided by 206/4 - (9/6)/(-3)?
50
Let r be 1/(((-12)/8)/(-3)). Let f be 1 - ((-16)/(-2))/r. Let g(m) = -14*m - 3. What is the remainder when g(f) is divided by 20?
19
Let i(d) = d**3 + 8*d**2 + d - 37. Suppose 2*n + f - 20 = 0, 4 = 2*n - 2*f - 10. What is the remainder when n is divided by i(-7)?
4
Let l(w) be the first derivative of -5*w**2/2 - 17*w - 21. What is the remainder when 15 is divided by l(-5)?
7
Let s be -3*14*(-4)/24. Suppose -s*m = -12*m + 25. Calculate the remainder when 27 is divided by m.
2
Let a be (6/(-5))/((-9)/30). Suppose 5*x = -a + 9. Suppose -x = v - 3. Calculate the remainder when 3 is divided by v.
1
Suppose -3 = -4*d + 61. Suppose 4*h = 43 + 81. What is the remainder when h is divided by d?
15
Let k be (4/2 - 3) + 58. Suppose u - 16 = t, 3*t = -4*u - 0*t + k. Let h = u + -6. What is the remainder when h is divided by 6?
3
Let p be ((-12)/(-9))/(5/(-3) - -1). What is the remainder when (6 - 3)/((-54)/28 - p) is divided by 9?
6
Let y(r) = -r**2 - 18*r - 29. What is the remainder when 139 is divided by y(-11)?
43
Let q(z) = -z - 1. Let o(d) = 4*d - 15. Let m(i) = o(i) - 3*q(i). Let r = 8 - 3. Calculate the remainder when 44 is divided by m(r).
21
Let i = 748 + -539. What is the remainder when i is divided by 22?
11
Suppose 4*a - 30 = y + 3*a, 3*y = -5*a - 90. Let q = 67 + y. Calculate the remainder when q is divided by 11 + (0 + 1)*-1.
7
Suppose 4*s + 4*w = 784, 2*w + 443 = 2*s + 55. Calculate the remainder when s is divided by 29.
21
Let f = -211 - -298. What is the remainder when f is divided by 20?
7
Suppose x = -4*x. Suppose -2*a + h + 3*h + 74 = x, 2*a - h - 62 = 0. Let j(r) = 96*r - 81. Calculate the remainder when a is divided by j(1).
14
Let d be (-7)/((-14)/(-4)) - -1. Let m(v) = -14*v. Let y = -43 - -68. What is the remainder when y is divided by m(d)?
11
What is the remainder when (-11648)/(-78) + (-1)/3 - 6 is divided by 27?
8
Let n = -7 + 12. Suppose -n*f + 2*f + 6 = 0. Let m = 77 - 74. What is the remainder when m is divided by f?
1
Let b = 18 - 14. Calculate the remainder when 52/6 + 5/(-3) + 2 is divide